{"id":15,"date":"2024-07-11T12:07:50","date_gmt":"2024-07-11T12:07:50","guid":{"rendered":"https:\/\/integrorienta.it\/index.php\/services\/"},"modified":"2024-11-28T08:46:47","modified_gmt":"2024-11-28T08:46:47","slug":"insieme-per-la-legalita","status":"publish","type":"page","link":"https:\/\/integrorienta.it\/index.php\/insieme-per-la-legalita\/","title":{"rendered":"Insieme per la Legalit\u00e0"},"content":{"rendered":"<section class=\"bde-section-15-100 bde-section\">\n              \n  \n\t\n\n  <div class=\"section-background-overlay\"><\/div>\n\n\n<div class=\"section-container\"><div class=\"bde-text-15-101 bde-text\">\nPROGETTO\n<\/div><h1 class=\"bde-heading-15-102 bde-heading\">\nINSIEME PER LA LEGALIT\u00c0\n<\/h1><\/div>\n<\/section><section class=\"bde-section-15-104 bde-section\">\n  \n\t\n\n\n\n<div class=\"section-container\"><div class=\"bde-rich-text-15-212 bde-rich-text breakdance-rich-text-styles\">\n<p><b>Insieme per la legalit\u00e0<\/b>\u00a0\u2013\u00a0Progetto rivolto ai giovani per la promozione della cultura della legalit\u00e0\u00a0 attraverso la valorizzazione del dialogo interculturale, la prevenzione dei conflitti, la messa in pratica di comportamenti civili e pro-sociali.<\/p>\n<\/div><div class=\"bde-columns-15-105 bde-columns\"><div class=\"bde-column-15-108 bde-column\">\n  \n\t\n\n\n\n<h2 class=\"bde-heading-15-110 bde-heading\">\nIL PROGETTO\n<\/h2><div class=\"bde-text-15-111 bde-text\">\nInsieme per la legalit\u00e0 \u00e8 un progetto finanziato mediante l\u2019Accordo sottoscritto tra il Dipartimento della Giovent\u00f9 e la Regione Siciliana - Dipartimento della Famiglia e delle Politiche Sociali. Si rivolge a giovani di et\u00e0 compresa tra i 14 e i 31 anni, italiani e stranieri, residenti nel territorio della Provincia di Ragusa. Le attivit\u00e0 che mira a realizzare sono volte alla sensibilizzazione e all\u2019educazione attiva dei giovani alla legalit\u00e0, alla promozione del dialogo intercul- turale, alla prevenzione e gestione dei conflitti, alla messa in pratica di comportamenti civili e pro- sociali a partire da scelte quotidiane fondate sui valori della giustizia, della legalit\u00e0, dell\u2019equit\u00e0 sociale, della tolleranza e del rispetto delle regole. Gli interventi previsti adopereranno metodologie educative innovative, quali la peer education e il cooperative learning. Per la divulgazione delle attivit\u00e0 e la sensibilizzazione alla cultura della legalit\u00e0, verranno utilizzate anche le Tecnologie dell\u2019Informazione e della Comunicazione (T.I.C.).\n<\/div>\n<\/div><\/div><div class=\"bde-div-15-114 bde-div\">\n  \n\t\n\n\n\n<h2 class=\"bde-heading-15-116 bde-heading\">\nLE ATTIVIT\u00c0\n<\/h2>\n<\/div><div class=\"bde-div-15-150 bde-div\">\n  \n\t\n\n\n\n<a class=\"bde-container-link-15-152 bde-container-link breakdance-link\" href=\"#\" target=\"_self\">\n  \n\t\n\n\n\n<h3 class=\"bde-heading-15-154 bde-heading\">\nSPORTELLO LEGALE\n<\/h3><div class=\"bde-text-15-155 bde-text\">\nquale punto di accesso per l\u2019orientamento alla legalit\u00e0. Lo sportello Legale sar\u00e0 aperto a tutti i giovani residenti nel territorio e alla cittadinanza tutta: famiglie, docenti, opera- tori sociali, etc. che potranno fruire anche di materiale informativo tradotto in varie lingue sulle tematiche dell\u2019orientamento civico.\n<\/div>\n\n<\/a><a class=\"bde-container-link-15-166 bde-container-link breakdance-link\" href=\"#\" target=\"_self\">\n  \n\t\n\n\n\n<h3 class=\"bde-heading-15-169 bde-heading\">\nESPERIENZE TRANSCULTURALI\n<\/h3><div class=\"bde-text-15-170 bde-text\">\nlaboratori creativo-pratici di mediazione sociale volti ad approfondire i temi della comunicazione interculturale e finalizzati alla presa di coscienza dei meccanismi inconsci che generano pregiudizi e stereotipi. Saranno rivolti a giovani tra i 14 e i 22 anni e giovani tra i 22 e i 31 anni, italiani e stranieri.\n<\/div>\n\n<\/a><a class=\"bde-container-link-15-171 bde-container-link breakdance-link\" href=\"#\" target=\"_self\">\n  \n\t\n\n\n\n<h3 class=\"bde-heading-15-174 bde-heading\">\nRUBRICHE DI LEGALIT\u00c0\n<\/h3><div class=\"bde-text-15-175 bde-text\">\nrealizzate nelle scuole per i giovani di et\u00e0 compresa tra i 14 e i 22 anni. Saranno finalizzate a diffondere tra i giovani la cultura della legalit\u00e0 e del rispetto dei diritti civili muovendo principalmente da tutto quello che gravita intorno il cosiddetto disagio giovanile (bullismo, cyberbullismo, droga, ludopatia, sport non dopato, sicurezza stradale, salvaguardia dell\u2019ambiente).\n<\/div>\n\n<\/a>\n<\/div><div class=\"bde-div-15-197 bde-div\">\n  \n\t\n\n\n\n<h2 class=\"bde-heading-15-198 bde-heading\">\nPIANO DI COMUNICAZIONE\n<\/h2>\n<\/div><div class=\"bde-div-15-199 bde-div\">\n  \n\t\n\n\n\n<a class=\"bde-container-link-15-200 bde-container-link breakdance-link\" href=\"#\" target=\"_self\">\n  \n\t\n\n\n\n<h3 class=\"bde-heading-15-201 bde-heading\">\nCAMPAGNA DI INFORMAZIONE\n<\/h3><div class=\"bde-text-15-202 bde-text\">\nsulle associazioni anticrimine e antiviolenza presenti sul territorio provinciale, regionale e nazionale.\n<\/div>\n\n<\/a><a class=\"bde-container-link-15-203 bde-container-link breakdance-link\" href=\"#\" target=\"_self\">\n  \n\t\n\n\n\n<h3 class=\"bde-heading-15-204 bde-heading\">\neVENTO PUBBLICO\n<\/h3><div class=\"bde-text-15-205 bde-text\">\nfinalizzato a riconoscere gli atteggiamenti illegali e sapere come difendersi.\n<\/div>\n\n<\/a><a class=\"bde-container-link-15-206 bde-container-link breakdance-link\" href=\"#\" target=\"_self\">\n  \n\t\n\n\n\n<h3 class=\"bde-heading-15-207 bde-heading\">\nGIORNATA MONDIALE DELLE VITTIME DELLA MAFIA\n<\/h3><div class=\"bde-text-15-208 bde-text\">\ncon un\u2019attenzione particolare alle personalit\u00e0 siciliane e il coinvolgimento di classi, docenti, istituzioni e la cittadinanza tutta.\n<\/div>\n\n<\/a><a class=\"bde-container-link-15-209 bde-container-link breakdance-link\" href=\"#\" target=\"_self\">\n  \n\t\n\n\n\n<h3 class=\"bde-heading-15-210 bde-heading\">\nManifestazione sportiva Un calcio all\u2019illegalit\u00e0.\n<\/h3>\n\n<\/a>\n<\/div><div class=\"bde-columns-15-213 bde-columns\"><div class=\"bde-column-15-214 bde-column\">\n  \n\t\n\n\n\n<div class=\"bde-image-15-216 bde-image\">\n  \n\n\n\n\n\n<figure class=\"breakdance-image breakdance-image--386\">\n\t<div class=\"breakdance-image-container\">\n\t\t<div class=\"breakdance-image-clip\">\n\t\t\t\n\t\t\t\t\n\t\t\t\t\t      \n  \n  \n  \n  \n      \n      <img loading=\"lazy\" decoding=\"async\"\n      class=\"breakdance-image-object\"\n      src=\"https:\/\/integrorienta.it\/wp-content\/uploads\/2024\/11\/legalita.png\"\n      width=\"1080\"\n      height=\"1080\"\n      \n      \n                                    srcset=\"https:\/\/integrorienta.it\/wp-content\/uploads\/2024\/11\/legalita.png 1080w, https:\/\/integrorienta.it\/wp-content\/uploads\/2024\/11\/legalita-300x300.png 300w, https:\/\/integrorienta.it\/wp-content\/uploads\/2024\/11\/legalita-1024x1024.png 1024w, https:\/\/integrorienta.it\/wp-content\/uploads\/2024\/11\/legalita-150x150.png 150w, https:\/\/integrorienta.it\/wp-content\/uploads\/2024\/11\/legalita-768x768.png 768w\"\n                                                                      >\n  \n\n\t\t\t\t\t\n\t\t\t\t\t\t<\/div>\n\t<\/div>\n\n\t<\/figure>\n\n<\/div>\n<\/div><div class=\"bde-column-15-215 bde-column\">\n  \n\t\n\n\n\n<div class=\"bde-button-15-217 bde-button\">\n    \n                                    \n    \n    \n    \n    \n            \n                    \n            \n            \n\n    \n    \n    \n    \n    <a class=\"breakdance-link button-atom button-atom--primary bde-button__button\" href=\"https:\/\/integrorienta.it\/wp-content\/uploads\/2024\/11\/Insieme-per-la-legalita-brochure-1.pdf\" target=\"_blank\" data-type=\"url\"  >\n\n    \n        <span class=\"button-atom__text\">brochure Insieme per la legalita\u0300<\/span>\n\n        \n        \n                <\/a>\n\n    \n\n\n<\/div>\n<\/div><\/div><\/div>\n<\/section>","protected":false},"excerpt":{"rendered":"<p>PROGETTO INSIEME PER LA LEGALIT\u00c0 Insieme per la legalit\u00e0\u00a0\u2013\u00a0Progetto rivolto ai giovani per la promozione della cultura della legalit\u00e0\u00a0 attraverso la valorizzazione del dialogo interculturale, la prevenzione dei conflitti, la messa in pratica di comportamenti civili e pro-sociali. IL PROGETTO Insieme per la legalit\u00e0 \u00e8 un progetto finanziato mediante l\u2019Accordo sottoscritto tra il Dipartimento della [&hellip;]<\/p>\n","protected":false},"author":1,"featured_media":385,"parent":0,"menu_order":0,"comment_status":"closed","ping_status":"closed","template":"","meta":{"_breakdance_hide_in_design_set":false,"_breakdance_tags":"","footnotes":""},"class_list":["post-15","page","type-page","status-publish","has-post-thumbnail","hentry"],"_links":{"self":[{"href":"https:\/\/integrorienta.it\/index.php\/wp-json\/wp\/v2\/pages\/15","targetHints":{"allow":["GET"]}}],"collection":[{"href":"https:\/\/integrorienta.it\/index.php\/wp-json\/wp\/v2\/pages"}],"about":[{"href":"https:\/\/integrorienta.it\/index.php\/wp-json\/wp\/v2\/types\/page"}],"author":[{"embeddable":true,"href":"https:\/\/integrorienta.it\/index.php\/wp-json\/wp\/v2\/users\/1"}],"replies":[{"embeddable":true,"href":"https:\/\/integrorienta.it\/index.php\/wp-json\/wp\/v2\/comments?post=15"}],"version-history":[{"count":6,"href":"https:\/\/integrorienta.it\/index.php\/wp-json\/wp\/v2\/pages\/15\/revisions"}],"predecessor-version":[{"id":388,"href":"https:\/\/integrorienta.it\/index.php\/wp-json\/wp\/v2\/pages\/15\/revisions\/388"}],"wp:featuredmedia":[{"embeddable":true,"href":"https:\/\/integrorienta.it\/index.php\/wp-json\/wp\/v2\/media\/385"}],"wp:attachment":[{"href":"https:\/\/integrorienta.it\/index.php\/wp-json\/wp\/v2\/media?parent=15"}],"curies":[{"name":"wp","href":"https:\/\/api.w.org\/{rel}","templated":true}]}}

Insieme per la Legalità

<section class="bde-section-15-100 bde-section">
              
  
	

  <div class="section-background-overlay"></div>


<div class="section-container"><div class="bde-text-15-101 bde-text">
PROGETTO
</div><h1 class="bde-heading-15-102 bde-heading">
INSIEME PER LA LEGALITÀ
</h1></div>
</section><section class="bde-section-15-104 bde-section">
  
	



<div class="section-container"><div class="bde-rich-text-15-212 bde-rich-text breakdance-rich-text-styles">
<p><b>Insieme per la legalità</b> – Progetto rivolto ai giovani per la promozione della cultura della legalità  attraverso la valorizzazione del dialogo interculturale, la prevenzione dei conflitti, la messa in pratica di comportamenti civili e pro-sociali.</p>
</div><div class="bde-columns-15-105 bde-columns"><div class="bde-column-15-108 bde-column">
  
	



<h2 class="bde-heading-15-110 bde-heading">
IL PROGETTO
</h2><div class="bde-text-15-111 bde-text">
Insieme per la legalità è un progetto finanziato mediante l’Accordo sottoscritto tra il Dipartimento della Gioventù e la Regione Siciliana - Dipartimento della Famiglia e delle Politiche Sociali. Si rivolge a giovani di età compresa tra i 14 e i 31 anni, italiani e stranieri, residenti nel territorio della Provincia di Ragusa. Le attività che mira a realizzare sono volte alla sensibilizzazione e all’educazione attiva dei giovani alla legalità, alla promozione del dialogo intercul- turale, alla prevenzione e gestione dei conflitti, alla messa in pratica di comportamenti civili e pro- sociali a partire da scelte quotidiane fondate sui valori della giustizia, della legalità, dell’equità sociale, della tolleranza e del rispetto delle regole. Gli interventi previsti adopereranno metodologie educative innovative, quali la peer education e il cooperative learning. Per la divulgazione delle attività e la sensibilizzazione alla cultura della legalità, verranno utilizzate anche le Tecnologie dell’Informazione e della Comunicazione (T.I.C.).
</div>
</div></div><div class="bde-div-15-114 bde-div">
  
	



<h2 class="bde-heading-15-116 bde-heading">
LE ATTIVITÀ
</h2>
</div><div class="bde-div-15-150 bde-div">
  
	



<a class="bde-container-link-15-152 bde-container-link breakdance-link" href="#" target="_self">
  
	



<h3 class="bde-heading-15-154 bde-heading">
SPORTELLO LEGALE
</h3><div class="bde-text-15-155 bde-text">
quale punto di accesso per l’orientamento alla legalità. Lo sportello Legale sarà aperto a tutti i giovani residenti nel territorio e alla cittadinanza tutta: famiglie, docenti, opera- tori sociali, etc. che potranno fruire anche di materiale informativo tradotto in varie lingue sulle tematiche dell’orientamento civico.
</div>

</a><a class="bde-container-link-15-166 bde-container-link breakdance-link" href="#" target="_self">
  
	



<h3 class="bde-heading-15-169 bde-heading">
ESPERIENZE TRANSCULTURALI
</h3><div class="bde-text-15-170 bde-text">
laboratori creativo-pratici di mediazione sociale volti ad approfondire i temi della comunicazione interculturale e finalizzati alla presa di coscienza dei meccanismi inconsci che generano pregiudizi e stereotipi. Saranno rivolti a giovani tra i 14 e i 22 anni e giovani tra i 22 e i 31 anni, italiani e stranieri.
</div>

</a><a class="bde-container-link-15-171 bde-container-link breakdance-link" href="#" target="_self">
  
	



<h3 class="bde-heading-15-174 bde-heading">
RUBRICHE DI LEGALITÀ
</h3><div class="bde-text-15-175 bde-text">
realizzate nelle scuole per i giovani di età compresa tra i 14 e i 22 anni. Saranno finalizzate a diffondere tra i giovani la cultura della legalità e del rispetto dei diritti civili muovendo principalmente da tutto quello che gravita intorno il cosiddetto disagio giovanile (bullismo, cyberbullismo, droga, ludopatia, sport non dopato, sicurezza stradale, salvaguardia dell’ambiente).
</div>

</a>
</div><div class="bde-div-15-197 bde-div">
  
	



<h2 class="bde-heading-15-198 bde-heading">
PIANO DI COMUNICAZIONE
</h2>
</div><div class="bde-div-15-199 bde-div">
  
	



<a class="bde-container-link-15-200 bde-container-link breakdance-link" href="#" target="_self">
  
	



<h3 class="bde-heading-15-201 bde-heading">
CAMPAGNA DI INFORMAZIONE
</h3><div class="bde-text-15-202 bde-text">
sulle associazioni anticrimine e antiviolenza presenti sul territorio provinciale, regionale e nazionale.
</div>

</a><a class="bde-container-link-15-203 bde-container-link breakdance-link" href="#" target="_self">
  
	



<h3 class="bde-heading-15-204 bde-heading">
eVENTO PUBBLICO
</h3><div class="bde-text-15-205 bde-text">
finalizzato a riconoscere gli atteggiamenti illegali e sapere come difendersi.
</div>

</a><a class="bde-container-link-15-206 bde-container-link breakdance-link" href="#" target="_self">
  
	



<h3 class="bde-heading-15-207 bde-heading">
GIORNATA MONDIALE DELLE VITTIME DELLA MAFIA
</h3><div class="bde-text-15-208 bde-text">
con un’attenzione particolare alle personalità siciliane e il coinvolgimento di classi, docenti, istituzioni e la cittadinanza tutta.
</div>

</a><a class="bde-container-link-15-209 bde-container-link breakdance-link" href="#" target="_self">
  
	



<h3 class="bde-heading-15-210 bde-heading">
Manifestazione sportiva Un calcio all’illegalità.
</h3>

</a>
</div><div class="bde-columns-15-213 bde-columns"><div class="bde-column-15-214 bde-column">
  
	



<div class="bde-image-15-216 bde-image">
  





<figure class="breakdance-image breakdance-image--386">
	<div class="breakdance-image-container">
		<div class="breakdance-image-clip">
			
				
					      
  
  
  
  
      
      <img loading="lazy" decoding="async"
      class="breakdance-image-object"
      src="https://integrorienta.it/wp-content/uploads/2024/11/legalita.png"
      width="1080"
      height="1080"
      
      
                                    srcset="https://integrorienta.it/wp-content/uploads/2024/11/legalita.png 1080w, https://integrorienta.it/wp-content/uploads/2024/11/legalita-300x300.png 300w, https://integrorienta.it/wp-content/uploads/2024/11/legalita-1024x1024.png 1024w, https://integrorienta.it/wp-content/uploads/2024/11/legalita-150x150.png 150w, https://integrorienta.it/wp-content/uploads/2024/11/legalita-768x768.png 768w"
                                                                      >
  

					
						</div>
	</div>

	</figure>

</div>
</div><div class="bde-column-15-215 bde-column">
  
	



<div class="bde-button-15-217 bde-button">
    
                                    
    
    
    
    
            
                    
            
            

    
    
    
    
    <a class="breakdance-link button-atom button-atom--primary bde-button__button" href="https://integrorienta.it/wp-content/uploads/2024/11/Insieme-per-la-legalita-brochure-1.pdf" target="_blank" data-type="url"  >

    
        <span class="button-atom__text">brochure Insieme per la legalità</span>

        
        
                </a>

    


</div>
</div></div></div>
</section>

<p>PROGETTO INSIEME PER LA LEGALITÀ Insieme per la legalità – Progetto rivolto ai giovani per la promozione della cultura della legalità  attraverso la valorizzazione del dialogo interculturale, la prevenzione dei conflitti, la messa in pratica di comportamenti civili e pro-sociali. IL PROGETTO Insieme per la legalità è un progetto finanziato mediante l’Accordo sottoscritto tra il Dipartimento della [&hellip;]</p>
